{"id":387,"date":"2015-05-15T09:51:15","date_gmt":"2015-05-15T09:51:15","guid":{"rendered":"http:\/\/hoermann-kmt.at\/wordpress\/?page_id=387"},"modified":"2019-03-19T15:49:27","modified_gmt":"2019-03-19T15:49:27","slug":"notfunkkoffer-kurzwelle","status":"publish","type":"page","link":"https:\/\/hoermann-kmt.at\/wordpress\/individuelle-kundenloesungen\/notfunkkoffer-kurzwelle\/","title":{"rendered":"Notfunkkoffer Kurzwelle"},"content":{"rendered":"<p style=\"text-align: justify;\">F\u00fcr das Bundesministerium f\u00fcr Landesverteidigung und Sport haben wir Notfunkkoffer mit eingebautem Kurzwellenfunkger\u00e4t und HF-Datenmodem konzipiert und gefertigt. Die einzelnen Komponenten wurden zugekauft, der passgenaue Einbau sowie die Verkabelung wurden von uns \u00fcbernommen. Der Notfunkkoffer wird vorrangig f\u00fcr Katastrophen- und Auslandseins\u00e4tze verwendet.<\/p>\n<p style=\"text-align: justify;\">Folgende <strong>Komponenten<\/strong> sind im Notfunkkoffer enthalten:<\/p>\n<ul>\n<li>ICOM-Transceiver, freigeschaltet f\u00fcr alle Frequenzen im Sende\/Empfangsbetrieb<\/li>\n<li>Netzteil zur Stromversorgung<\/li>\n<li>Antennentuner<\/li>\n<li>Antennenanalysator<\/li>\n<li>HF-Modem Dragon mit Bluetooth-Modul<\/li>\n<li>Kabel zur internen Verkabelung der Ger\u00e4te sowie Computerkabel<\/li>\n<\/ul>\n<p><center><br \/>\n<a href=\"\/wordpress\/wp-content\/uploads\/2015\/05\/DSC06020.jpg\"><img decoding=\"async\" loading=\"lazy\" class=\"alignnone wp-image-389 size-thumbnail\" src=\"https:\/\/hoermann-kmt.at\/wordpress\/wp-content\/uploads\/2015\/05\/DSC06020-150x150.jpg\" alt=\"DSC06020\" width=\"150\" height=\"150\" \/><\/a>\u00a0<a href=\"\/wordpress\/wp-content\/uploads\/2015\/05\/DSC06025.jpg\"><img decoding=\"async\" loading=\"lazy\" class=\"alignnone wp-image-393 size-thumbnail\" src=\"https:\/\/hoermann-kmt.at\/wordpress\/wp-content\/uploads\/2015\/05\/DSC06025-150x150.jpg\" alt=\"DSC06025\" width=\"150\" height=\"150\" \/><\/a>\u00a0<a href=\"\/wordpress\/wp-content\/uploads\/2015\/05\/DSC06049.jpg\"><img decoding=\"async\" loading=\"lazy\" class=\"alignnone wp-image-391 size-thumbnail\" src=\"https:\/\/hoermann-kmt.at\/wordpress\/wp-content\/uploads\/2015\/05\/DSC06049-150x150.jpg\" alt=\"DSC06049\" width=\"150\" height=\"150\" \/><\/a><\/center><center><a href=\"\/wordpress\/wp-content\/uploads\/2015\/05\/DSC06052.jpg\"><img decoding=\"async\" loading=\"lazy\" class=\"alignnone wp-image-388 size-thumbnail\" src=\"https:\/\/hoermann-kmt.at\/wordpress\/wp-content\/uploads\/2015\/05\/DSC06052-150x150.jpg\" alt=\"DSC06052\" width=\"150\" height=\"150\" \/><\/a>\u00a0<a href=\"\/wordpress\/wp-content\/uploads\/2015\/05\/DSC06038.jpg\"><img decoding=\"async\" loading=\"lazy\" class=\"alignnone wp-image-392 size-thumbnail\" src=\"https:\/\/hoermann-kmt.at\/wordpress\/wp-content\/uploads\/2015\/05\/DSC06038-150x150.jpg\" alt=\"DSC06038\" width=\"150\" height=\"150\" \/><\/a>\u00a0<a href=\"\/wordpress\/wp-content\/uploads\/2015\/05\/DSC06056.jpg\"><img decoding=\"async\" loading=\"lazy\" class=\"alignnone wp-image-390 size-thumbnail\" src=\"https:\/\/hoermann-kmt.at\/wordpress\/wp-content\/uploads\/2015\/05\/DSC06056-150x150.jpg\" alt=\"DSC06056\" width=\"150\" height=\"150\" \/><\/a><\/center><\/p>\n","protected":false},"excerpt":{"rendered":"<p>F\u00fcr das Bundesministerium f\u00fcr Landesverteidigung und Sport haben wir Notfunkkoffer mit eingebautem Kurzwellenfunkger\u00e4t und HF-Datenmodem konzipiert und gefertigt. Die einzelnen Komponenten wurden zugekauft, der passgenaue Einbau sowie die Verkabelung wurden von uns \u00fcbernommen. Der Notfunkkoffer wird vorrangig f\u00fcr Katastrophen- und Auslandseins\u00e4tze verwendet. Folgende Komponenten sind im Notfunkkoffer enthalten: ICOM-Transceiver, freigeschaltet \u2026 <a class=\"continue-reading-link\" href=\"https:\/\/hoermann-kmt.at\/wordpress\/individuelle-kundenloesungen\/notfunkkoffer-kurzwelle\/\"> Continue reading <span class=\"meta-nav\">&rarr; <\/span><\/a><\/p>\n","protected":false},"author":1,"featured_media":0,"parent":68,"menu_order":0,"comment_status":"closed","ping_status":"closed","template":"templates\/template-onecolumn.php","meta":[],"aioseo_notices":[],"_links":{"self":[{"href":"https:\/\/hoermann-kmt.at\/wordpress\/wp-json\/wp\/v2\/pages\/387"}],"collection":[{"href":"https:\/\/hoermann-kmt.at\/wordpress\/wp-json\/wp\/v2\/pages"}],"about":[{"href":"https:\/\/hoermann-kmt.at\/wordpress\/wp-json\/wp\/v2\/types\/page"}],"author":[{"embeddable":true,"href":"https:\/\/hoermann-kmt.at\/wordpress\/wp-json\/wp\/v2\/users\/1"}],"replies":[{"embeddable":true,"href":"https:\/\/hoermann-kmt.at\/wordpress\/wp-json\/wp\/v2\/comments?post=387"}],"version-history":[{"count":15,"href":"https:\/\/hoermann-kmt.at\/wordpress\/wp-json\/wp\/v2\/pages\/387\/revisions"}],"predecessor-version":[{"id":540,"href":"https:\/\/hoermann-kmt.at\/wordpress\/wp-json\/wp\/v2\/pages\/387\/revisions\/540"}],"up":[{"embeddable":true,"href":"https:\/\/hoermann-kmt.at\/wordpress\/wp-json\/wp\/v2\/pages\/68"}],"wp:attachment":[{"href":"https:\/\/hoermann-kmt.at\/wordpress\/wp-json\/wp\/v2\/media?parent=387"}],"curies":[{"name":"wp","href":"https:\/\/api.w.org\/{rel}","templated":true}]}}

<p style="text-align: justify;">Für das Bundesministerium für Landesverteidigung und Sport haben wir Notfunkkoffer mit eingebautem Kurzwellenfunkgerät und HF-Datenmodem konzipiert und gefertigt. Die einzelnen Komponenten wurden zugekauft, der passgenaue Einbau sowie die Verkabelung wurden von uns übernommen. Der Notfunkkoffer wird vorrangig für Katastrophen- und Auslandseinsätze verwendet.</p>
<p style="text-align: justify;">Folgende <strong>Komponenten</strong> sind im Notfunkkoffer enthalten:</p>
<ul>
<li>ICOM-Transceiver, freigeschaltet für alle Frequenzen im Sende/Empfangsbetrieb</li>
<li>Netzteil zur Stromversorgung</li>
<li>Antennentuner</li>
<li>Antennenanalysator</li>
<li>HF-Modem Dragon mit Bluetooth-Modul</li>
<li>Kabel zur internen Verkabelung der Geräte sowie Computerkabel</li>
</ul>
<p><center><br />
<a href="/wordpress/wp-content/uploads/2015/05/DSC06020.jpg"><img decoding="async" loading="lazy" class="alignnone wp-image-389 size-thumbnail" src="https://hoermann-kmt.at/wordpress/wp-content/uploads/2015/05/DSC06020-150x150.jpg" alt="DSC06020" width="150" height="150" /></a> <a href="/wordpress/wp-content/uploads/2015/05/DSC06025.jpg"><img decoding="async" loading="lazy" class="alignnone wp-image-393 size-thumbnail" src="https://hoermann-kmt.at/wordpress/wp-content/uploads/2015/05/DSC06025-150x150.jpg" alt="DSC06025" width="150" height="150" /></a> <a href="/wordpress/wp-content/uploads/2015/05/DSC06049.jpg"><img decoding="async" loading="lazy" class="alignnone wp-image-391 size-thumbnail" src="https://hoermann-kmt.at/wordpress/wp-content/uploads/2015/05/DSC06049-150x150.jpg" alt="DSC06049" width="150" height="150" /></a></center><center><a href="/wordpress/wp-content/uploads/2015/05/DSC06052.jpg"><img decoding="async" loading="lazy" class="alignnone wp-image-388 size-thumbnail" src="https://hoermann-kmt.at/wordpress/wp-content/uploads/2015/05/DSC06052-150x150.jpg" alt="DSC06052" width="150" height="150" /></a> <a href="/wordpress/wp-content/uploads/2015/05/DSC06038.jpg"><img decoding="async" loading="lazy" class="alignnone wp-image-392 size-thumbnail" src="https://hoermann-kmt.at/wordpress/wp-content/uploads/2015/05/DSC06038-150x150.jpg" alt="DSC06038" width="150" height="150" /></a> <a href="/wordpress/wp-content/uploads/2015/05/DSC06056.jpg"><img decoding="async" loading="lazy" class="alignnone wp-image-390 size-thumbnail" src="https://hoermann-kmt.at/wordpress/wp-content/uploads/2015/05/DSC06056-150x150.jpg" alt="DSC06056" width="150" height="150" /></a></center></p>

<p>Für das Bundesministerium für Landesverteidigung und Sport haben wir Notfunkkoffer mit eingebautem Kurzwellenfunkgerät und HF-Datenmodem konzipiert und gefertigt. Die einzelnen Komponenten wurden zugekauft, der passgenaue Einbau sowie die Verkabelung wurden von uns übernommen. Der Notfunkkoffer wird vorrangig für Katastrophen- und Auslandseinsätze verwendet. Folgende Komponenten sind im Notfunkkoffer enthalten: ICOM-Transceiver, freigeschaltet … <a class="continue-reading-link" href="https://hoermann-kmt.at/wordpress/individuelle-kundenloesungen/notfunkkoffer-kurzwelle/"> Continue reading <span class="meta-nav">&rarr; </span></a></p>
