{"id":463,"date":"2016-01-07T10:07:23","date_gmt":"2016-01-07T10:07:23","guid":{"rendered":"http:\/\/hoermann-kmt.at\/wordpress\/?page_id=463"},"modified":"2019-03-19T15:10:49","modified_gmt":"2019-03-19T15:10:49","slug":"funkgeraeteverleih","status":"publish","type":"page","link":"https:\/\/hoermann-kmt.at\/wordpress\/funkgeraeteverleih\/","title":{"rendered":"Funkger\u00e4teverleih"},"content":{"rendered":"<p>Wir verleihen 50 St\u00fcck des Funkger\u00e4ts <strong>IC-F2000S<\/strong> von ICOM mit dem Frequenzbereich <strong>400-470 MHz<\/strong>.<br \/>\nM\u00f6gliche Einsatzbereiche: Veranstaltungen (zB Skiflug WM Kulm)<\/p>\n<p><strong>Technische Details<\/strong>:<\/p>\n<ul>\n<li><span style=\"color: #333333;\">IC-F2000S &#8211; UHF-Handfunkger\u00e4t mit reduzierter Tastatur<\/span><\/li>\n<li>Wasserdicht gem\u00e4\u00df IP67 und staubgesch\u00fctzt<\/li>\n<li>Verbesserte Notruffunktion mit Bewegungssensor<\/li>\n<li>Gute Verst\u00e4ndigung auch in lauter Umgebung<\/li>\n<li>Standard-Akku-Pack f\u00fcr 14 Stunden Betriebsdauer<\/li>\n<li>Sprachinverter<\/li>\n<\/ul>\n<p>Weitere Daten:&nbsp;<a href=\"http:\/\/www.icomeurope.com\/index.php?option=com_content&amp;view=article&amp;id=293:ic-f1000-t-s-f2000-t-s&amp;catid=22&amp;Itemid=79\" target=\"_blank\" rel=\"noopener noreferrer\">IC-F2000S<\/a><\/p>\n<p><strong>Kontaktieren Sie uns per E-Mail oder Telefon, um&nbsp;\u00fcber die Konditionen zu sprechen:<\/strong><br \/>\nTelefon: 0043\/662 4293720<br \/>\nE-Mail: office@hoermann-kmt.at<\/p>\n<p style=\"text-align: left;\"><a href=\"https:\/\/hoermann-kmt.at\/wordpress\/wp-content\/uploads\/2018\/07\/IC-F2000-Verleihkoffer.jpg\"><img decoding=\"async\" loading=\"lazy\" style=\"padding: 20px;\" class=\"alignnone size-medium wp-image-491\" src=\"https:\/\/hoermann-kmt.at\/wordpress\/wp-content\/uploads\/2018\/07\/IC-F2000-Verleihkoffer-300x225.jpg\" alt=\"\" width=\"300\" height=\"225\" srcset=\"https:\/\/hoermann-kmt.at\/wordpress\/wp-content\/uploads\/2018\/07\/IC-F2000-Verleihkoffer-300x225.jpg 300w, https:\/\/hoermann-kmt.at\/wordpress\/wp-content\/uploads\/2018\/07\/IC-F2000-Verleihkoffer-1024x768.jpg 1024w, https:\/\/hoermann-kmt.at\/wordpress\/wp-content\/uploads\/2018\/07\/IC-F2000-Verleihkoffer-200x150.jpg 200w, https:\/\/hoermann-kmt.at\/wordpress\/wp-content\/uploads\/2018\/07\/IC-F2000-Verleihkoffer-150x112.jpg 150w, https:\/\/hoermann-kmt.at\/wordpress\/wp-content\/uploads\/2018\/07\/IC-F2000-Verleihkoffer.jpg 2048w\" sizes=\"(max-width: 300px) 100vw, 300px\" \/><\/a><a href=\"https:\/\/hoermann-kmt.at\/wordpress\/wp-content\/uploads\/2016\/01\/ic-f2000s.jpg\"><img decoding=\"async\" loading=\"lazy\" class=\"alignnone size-medium wp-image-467\" src=\"https:\/\/hoermann-kmt.at\/wordpress\/wp-content\/uploads\/2016\/01\/ic-f2000s-87x300.jpg\" alt=\"\" width=\"87\" height=\"300\"><\/a><\/p>\n","protected":false},"excerpt":{"rendered":"<p>Wir verleihen 50 St\u00fcck des Funkger\u00e4ts IC-F2000S von ICOM mit dem Frequenzbereich 400-470 MHz. M\u00f6gliche Einsatzbereiche: Veranstaltungen (zB Skiflug WM Kulm) Technische Details: IC-F2000S &#8211; UHF-Handfunkger\u00e4t mit reduzierter Tastatur Wasserdicht gem\u00e4\u00df IP67 und staubgesch\u00fctzt Verbesserte Notruffunktion mit Bewegungssensor Gute Verst\u00e4ndigung auch in lauter Umgebung Standard-Akku-Pack f\u00fcr 14 Stunden Betriebsdauer Sprachinverter \u2026 <a class=\"continue-reading-link\" href=\"https:\/\/hoermann-kmt.at\/wordpress\/funkgeraeteverleih\/\"> Continue reading <span class=\"meta-nav\">&rarr; <\/span><\/a><\/p>\n","protected":false},"author":1,"featured_media":0,"parent":0,"menu_order":0,"comment_status":"closed","ping_status":"closed","template":"templates\/template-onecolumn.php","meta":[],"aioseo_notices":[],"_links":{"self":[{"href":"https:\/\/hoermann-kmt.at\/wordpress\/wp-json\/wp\/v2\/pages\/463"}],"collection":[{"href":"https:\/\/hoermann-kmt.at\/wordpress\/wp-json\/wp\/v2\/pages"}],"about":[{"href":"https:\/\/hoermann-kmt.at\/wordpress\/wp-json\/wp\/v2\/types\/page"}],"author":[{"embeddable":true,"href":"https:\/\/hoermann-kmt.at\/wordpress\/wp-json\/wp\/v2\/users\/1"}],"replies":[{"embeddable":true,"href":"https:\/\/hoermann-kmt.at\/wordpress\/wp-json\/wp\/v2\/comments?post=463"}],"version-history":[{"count":17,"href":"https:\/\/hoermann-kmt.at\/wordpress\/wp-json\/wp\/v2\/pages\/463\/revisions"}],"predecessor-version":[{"id":527,"href":"https:\/\/hoermann-kmt.at\/wordpress\/wp-json\/wp\/v2\/pages\/463\/revisions\/527"}],"wp:attachment":[{"href":"https:\/\/hoermann-kmt.at\/wordpress\/wp-json\/wp\/v2\/media?parent=463"}],"curies":[{"name":"wp","href":"https:\/\/api.w.org\/{rel}","templated":true}]}}